33?
9
What is the remainder when 961 is divided by 42?
37
Calculate the remainder when 110 is divided by 17.
8
Calculate the remainder when 1355 is divided by 112.
11
What is the remainder when 7564 is divided by 97?
95
What is the remainder when 5701 is divided by 79?
13
Calculate the remainder when 186 is divided by 4.
2
What is the remainder when 266 is divided by 216?
50
What is the remainder when 4143 is divided by 28?
27
What is the remainder when 5127 is divided by 38?
35
Calculate the remainder when 376 is divided by 76.
72
Calculate the remainder when 43 is divided by 2.
1
What is the remainder when 288 is divided by 63?
36
What is the remainder when 1101 is divided by 24?
21
What is the remainder when 342 is divided by 276?
66
What is the remainder when 344 is divided by 315?
29
What is the remainder when 213 is divided by 12?
9
What is the remainder when 140 is divided by 20?
0
What is the remainder when 17159 is divided by 13?
12
Calculate the remainder when 84 is divided by 33.
18
What is the remainder when 84 is divided by 79?
5
What is the remainder when 265 is divided by 151?
114
What is the remainder when 284 is divided by 157?
127
What is the remainder when 71 is divided by 33?
5
Calculate the remainder when 13797 is divided by 120.
117
What is the remainder when 7310 is divided by 103?
100
Calculate the remainder when 1130 is divided by 189.
185
Calculate the remainder when 42 is divided by 11.
9
What is the remainder when 310 is divided by 111?
88
Calculate the remainder when 178 is divided by 92.
86
Calculate the remainder when 44 is divided by 3.
2
What is the remainder when 119 is divided by 80?
39
Calculate the remainder when 210 is divided by 98.
14
What is the remainder when 391 is divided by 123?
22
What is the remainder when 95 is divided by 19?
0
What is the remainder when 254 is divided by 82?
8
Calculate the remainder when 1088 is divided by 1086.
2
What is the remainder when 547 is divided by 10?
7
Calculate the remainder when 1573 is divided by 9.
7
Calculate the remainder when 228 is divided by 77.
74
Calculate the remainder when 378 is divided by 77.
70
Calculate the remainder when 4119 is divided by 17.
5
Calculate the remainder when 1421 is divided by 22.
13
What is the remainder when 235 is divided by 81?
73
What is the remainder when 6103 is divided by 73?
44
What is the remainder when 88 is divided by 76?
12
What is the remainder when 481 is divided by 164?
153
What is the remainder when 287 is divided by 6?
5
What is the remainder when 6048 is divided by 34?
30
What is the remainder when 2171 is divided by 4?
3
Calculate the remainder when 1437 is divided by 20.
17
Calculate the remainder when 1223 is divided by 307.
302
What is the remainder when 332 is divided by 324?
8
What is the remainder when 397 is divided by 31?
25
What is the remainder when 1347 is divided by 109?
39
Calculate the remainder when 1130 is divided by 20.
10
What is the remainder when 1471 is divided by 5?
1
Calculate the remainder when 150 is divided by 23.
12
What is the remainder when 235 is divided by 92?
51
Calculate the remainder when 1982 is divided by 149.
45
What is the remainder when 1646 is divided by 17?
14
What is the remainder when 44 is divided by 3?
2
Calculate the remainder when 4375 is divided by 29.
25
What is the remainder when 2245 is divided by 251?
237
Calculate the remainder when 1304 is divided by 1290.
14
What is the remainder when 564 is divided by 21?
18
Calculate the remainder when 3875 is divided by 38.
37
What is the remainder when 32477 is divided by 160?
157
Calculate the remainder when 256 is divided by 123.
10
What is the remainder when 67 is divided by 36?
31
What is the remainder when 2947 is divided by 44?
43
What is the remainder when 12671 is divided by 64?
63
Calculate the remainder when 1145 is divided by 82.
79
Calculate the remainder when 666 is divided by 297.
72
Calculate the remainder when 523 is divided by 18.
1
What is the remainder when 9469 is divided by 64?
61
Calculate the remainder when 511 is divided by 143.
82
What is the remainder when 1921 is divided by 26?
23
What is the remainder when 1654 is divided by 23?
21
What is the remainder when 1895 is divided by 50?
45
Calculate the remainder when 941 is divided by 192.
173
Calculate the remainder when 19 is divided by 2.
1
Calculate the remainder when 1693 is divided by 63.
55
Calculate the remainder when 98 is divided by 10.
8
What is the remainder when 360 is divided by 115?
15
Calculate the remainder when 29 is divided by 6.
5
Calculate the remainder when 336 is divided by 132.
72
Calculate the remainder when 1483 is divided by 45.
43
What is the remainder when 185 is divided by 16?
9
What is the remainder when 358 is divided by 210?
148
Calculate the remainder when 270 is divided by 197.
73
Calculate the remainder when 791 is divided by 367.
57
Calculate the remainder when 35 is divided by 14.
7
Calculate the remainder when 76 is divided by 10.
6
What is the remainder when 301 is divided by 97?
10
Calculate the remainder when 5238 is divided by 46.
40
Calculate the remainder when 7 is divided by 3.
1
What is the remainder when 192 is divided by 10?
2
Calculate the remainder when 3142 is divided by 24.
22
What is the remainder when 425 is divided by 173?
79
What is the remainder when 181 is divided by 17?
11
What is the remainder when 196 is divided by 25?
21
Calculate the remainder when 322 is divided by 149.
24
Calculate the remainder when 360 is divided by 175.
10
What is the remainder when 346 is divided by 32?
26
What is the remainder when 119 is divided by 40?
39
Calculate the remainder when 429 is divided by 10.
9
What is the remainder when 801 is divided by 19?
3
Calculate the remainder when 458 is divided by 14.
10
What is the remainder when 692 is divided by 341?
10
What is the remainder when 71 is divided by 25?
21
Calculate the remainder when 272 is divided by 155.
117
Calculate the remainder when 108 is divided by 10.
8
What is the remainder when 1126 is divided by 96?
70
What is the remainder when 30 is divided by 12?
6
What is the remainder when 702 is divided by 348?
6
What is the remainder when 340 is divided by 202?
138
What is the remainder when 145 is divided by 51?
43
Calculate the remainder when 639 is divided by 26.
15
Calculate the remainder when 528 is divided by 79.
54
Calculate the remainder when 348 is divided by 32.
28
What is the remainder when 274 is divided by 77?
43
Calculate the remainder when 21 is divided by 8.
5
What is the remainder when 66 is divided by 25?
16
Calculate the remainder when 297 is divided by 6.
3
Calculate the remainder when 3117 is divided by 50.
17
What is the remainder when 190 is divided by 33?
25
What is the remainder when 115 is divided by 107?
8
Calculate the remainder when 70 is divided by 37.
33
Calculate the remainder when 6177 is divided by 5.
2
What is the remainder when 407 is divided by 399?
8
What is the remainder when 909 is divided by 244?
177
Calculate the remainder when 426 is divided by 114.
84
What is the remainder when 1004 is divided by 17?
1
What is the remainder when 317 is divided by 37?
21
What is the remainder when 331 is divided by 110?
1
Calculate the remainder when 15034 is divided by 155.
154
Calculate the remainder when 98 is divided by 55.
43
Calculate the remainder when 3315 is divided by 413.
11
Calculate the remainder when 1562 is divided by 425.
287
Calculate the remainder when 644 is divided by 161.
0
Calculate the remainder when 100 is divided by 43.
14
What is the remainder when 9701 is divided by 99?
98
What is the remainder when 1576 is divided by 262?
4
Calculate the remainder when 27 is divided by 4.
3
Calculate the remainder when 125 is divided by 26.
21
Calculate the remainder when 1857 is divided by 306.
21
What is the remainder when 2635 is divided by 19?
13
Calculate the remainder when 367 is divided by 87.
19
Calculate the remainder when 572 is divided by 149.
125
What is the remainder when 714 is divided by 119?
0
What is the remainder when 169 is divided by 55?
4
What is the remainder when 135 is divided by 35?
30
What is the remainder when 42 is divided by 7?
0
Calculate the remainder when 397 is divided by 16.
13
